2830640?
10
Calculate the highest common divisor of 1924 and 2131896.
52
Calculate the highest common divisor of 13917815 and 55845.
6205
Calculate the highest common factor of 8398810 and 8414.
14
What is the greatest common factor of 21160349 and 70?
7
Calculate the highest common factor of 203392 and 106736.
112
Calculate the highest common factor of 270 and 1168614.
54
What is the highest common divisor of 729315 and 1291905?
855
What is the highest common factor of 1164484 and 868?
124
Calculate the greatest common divisor of 48235163 and 4991.
713
What is the greatest common divisor of 3699 and 2540391?
411
What is the greatest common divisor of 11601740 and 5510?
290
Calculate the highest common divisor of 39386 and 1768180.
838
What is the greatest common factor of 13469775 and 319?
319
What is the greatest common factor of 169944424 and 1196?
1196
Calculate the greatest common factor of 177 and 339191.
59
Calculate the highest common factor of 256236 and 149078.
262
What is the greatest common factor of 6525 and 27512775?
225
What is the highest common factor of 13537754 and 46?
46
What is the highest common factor of 1695288 and 1120?
56
What is the highest common factor of 40206621 and 84?
21
Calculate the highest common factor of 2515506 and 1010.
202
What is the greatest common factor of 48048 and 283998?
858
What is the greatest common factor of 79059 and 179056?
361
Calculate the greatest common factor of 1449870 and 570.
30
Calculate the greatest common factor of 62470854 and 1362.
1362
Calculate the highest common factor of 2996 and 2554732.
428
Calculate the highest common divisor of 6784 and 29721340.
212
Calculate the highest common divisor of 955584 and 176.
16
What is the greatest common factor of 6570 and 212402990?
730
What is the greatest common factor of 483517543 and 281?
281
What is the greatest common divisor of 32 and 13451616?
32
What is the greatest common factor of 9246 and 206862?
138
What is the highest common factor of 114685467 and 351?
39
Calculate the greatest common factor of 3982 and 51989354.
362
Calculate the highest common factor of 10944 and 684513.
171
Calculate the highest common factor of 59008 and 24320.
128
Calculate the highest common divisor of 970 and 14115634.
194
What is the greatest common factor of 208013 and 10855?
13
Calculate the greatest common factor of 884 and 17062526.
442
Calculate the highest common divisor of 54250277 and 7675.
307
Calculate the highest common divisor of 287248 and 1472.
16
Calculate the highest common factor of 140 and 240559340.
140
What is the greatest common factor of 11680305 and 455?
455
Calculate the greatest common divisor of 5646598 and 1273465.
5419
What is the highest common factor of 2776 and 12947611?
347
What is the greatest common factor of 4673699 and 1295850?
8639
Calculate the highest common divisor of 2910 and 72354.
6
Calculate the greatest common divisor of 90 and 218746.
2
What is the greatest common factor of 1585100 and 33352?
44
Calculate the highest common factor of 7679 and 43407193.
1097
Calculate the highest common factor of 38 and 1561552791.
19
What is the greatest common divisor of 81333367 and 124?
31
What is the highest common factor of 1088 and 2588216?
136
What is the greatest common divisor of 402 and 464217942?
402
What is the highest common divisor of 49 and 2280486509?
49
Calculate the highest common factor of 373324 and 14194670.
2786
Calculate the greatest common divisor of 18644 and 3950.
158
What is the greatest common divisor of 378 and 25651269?
189
Calculate the highest common factor of 611912692 and 5912.
2956
What is the highest common divisor of 18697609 and 35?
7
What is the highest common factor of 4876 and 39262564?
92
Calculate the greatest common factor of 5188206 and 121673.
433
What is the greatest common divisor of 370560 and 540?
60
Calculate the highest common factor of 11689146 and 1044.
522
Calculate the greatest common factor of 715 and 138610615.
715
What is the greatest common divisor of 143340 and 84855?
15
What is the highest common divisor of 9479746 and 95?
19
Calculate the greatest common factor of 22865 and 2072645.
1345
Calculate the greatest common divisor of 124 and 64983626.
62
Calculate the greatest common divisor of 2050530 and 785.
5
Calculate the highest common divisor of 6 and 39032256.
6
What is the greatest common divisor of 3321 and 9622044?
1107
What is the highest common divisor of 11083814 and 3837?
1279
Calculate the highest common divisor of 3774664 and 414728.
376
Calculate the highest common factor of 334566749 and 17.
17
What is the greatest common factor of 252 and 1254000762?
126
What is the highest common factor of 10738 and 6030128?
26
Calculate the greatest common divisor of 175 and 1278425.
25
What is the greatest common divisor of 155249296 and 18939?
6313
What is the highest common divisor of 17 and 162971010?
17
What is the highest common factor of 926772 and 18156?
204
What is the greatest common divisor of 7799 and 61582322?
709
What is the highest common divisor of 66901 and 165986?
149
Calculate the greatest common factor of 31964 and 211487.
61
Calculate the greatest common factor of 2715597036 and 108.
108
What is the highest common factor of 2714554 and 8003?
53
Calculate the greatest common divisor of 206469 and 423.
9
Calculate the greatest common divisor of 42597177 and 166.
83
What is the highest common divisor of 1486161 and 81?
27
What is the highest common divisor of 339486 and 3776?
118
Calculate the highest common factor of 134867975 and 1150.
575
What is the highest common divisor of 63 and 6751983?
21
Calculate the highest common factor of 61429328 and 11032.
1576
Calculate the highest common divisor of 960913 and 220769.
277
What is the greatest common factor of 3367216 and 42274?
1838
What is the greatest common factor of 590 and 19896865?
295
Calculate the greatest common divisor of 10687798 and 6970.
1394
Calculate the greatest common factor of 178 and 135442069.
89
What is the greatest common factor of 33 and 67998513?
33
Calculate the greatest common factor of 25158653 and 91.
13
Calculate the greatest common divisor of 226920 and 15810.
930
Calculate the highest common factor of 72 and 1327140.
36
What is the highest common factor of 1420 and 268820?
20
Calculate the greatest common factor of 3887216 and 162605.
1913
What is the greatest common divisor of 618 and 672630376?
206
What is the greatest common divisor of 542799 and 369?
369
What is the greatest common divisor of 112 and 14892458?
14
What is the greatest common divisor of 4280 and 372760?
40
What is the greatest common divisor of 23800 and 4795400?
200
Calculate the greatest common divisor of 1619 and 75612157.
1619
Calculate the highest common factor of 1 and 1698271.
1
What is the highest common factor of 216339075 and 75?
75
What is the greatest common divisor of 35 and 1590379?
7
What is the greatest common divisor of 572 and 6116136?
52
Calculate the greatest common divisor of 374267 and 3537.
131
Calculate the highest common divisor of 4090618 and 2241554.
8722
Calculate the highest common factor of 45624 and 83784.
24
What is the greatest common factor of 19125 and 35312400?
3825
What is the greatest common divisor of 56649700 and 114308?
6724
Calculate the highest common factor of 956 and 15352882.
478
Calculate the greatest common factor of 184034 and 2698.
38
What is the greatest common factor of 907704 and 132?
12
What is the highest common divisor of 361 and 56069?
19
Calculate the greatest common divisor of 1556720 and 1391478.
638
Calculate the greatest common divisor of 1232 and 15730.
22
Calculate the highest common divisor of 4951682 and 3337.
71
What is the highest common factor of 208425256 and 49608?
5512
What is the highest common divisor of 10 and 19942545?
5
Calculate the greatest common factor of 60420 and 100605.
285
Calculate the greatest common divisor of 6207932 and 5248035.
8971
Calculate the greatest common factor of 540048 and 72.
24
What is the highest common divisor of 214137 and 359058?
2163
What is the greatest common factor of 3115 and 232745?
5
Calculate the greatest common factor of 15 and 2260908600.
15
What is the greatest common fac